Let s(q) = 1099*q + 287932. Give s(-262).
-6
Let a(f) = 2*f**3 - 70*f**2 - 116*f + 101. Determine a(36).
-1483
Let o(i) = 113*i**2 - 610*i + 243. Give o(5).
18
Let l(y) = -4*y**3 + 295*y**2 - 782*y + 173. Determine l(71).
102
Let s(a) = -a**3 - 100*a**2 - 1121*a + 3378. Give s(-86).
-3760
Let u(j) = -19*j**3 + 627*j**2 + 28*j - 463. Give u(33).
461
Let l(o) = -1420*o - 158930. Calculate l(-112).
110
Let p(n) = n**2 + 55210*n + 1600243. Give p(-29).
-6
Let g(n) = -n**3 - 19*n**2 - 137*n - 588. Calculate g(-13).
179
Let z(n) = 9691*n - 126025. Determine z(13).
-42
Let q(n) = 7*n**3 + 57*n**2 - 433*n + 56. What is q(9)?
5879
Let a(i) = 9*i**2 - 1610*i + 1377. Determine a(178).
-47
Let w(t) = 318*t - 1986. Determine w(6).
-78
Let o(g) = 1220*g + 225717. Calculate o(-185).
17
Let n(l) = l**3 - 274*l**2 - 5584*l + 95776. Determine n(292).
0
Let f(n) = 8*n**2 - 426312*n - 426313. Determine f(-1).
7
Let p(h) = -8782*h + 120203. What is p(14)?
-2745
Let l(z) = -3719*z**2 - 14835*z - 36. Determine l(-4).
-200
Let j(d) = -1990*d**2 - 71605*d + 1253. Determine j(-36).
-7
Let f(x) = -x**2 + 118*x - 3804. Determine f(37).
-807
Let p(x) = -102*x + 5306. Determine p(51).
104
Let c(k) = -5*k**3 - 1037*k**2 - 1462*k - 4187. Determine c(-206).
-67
Let t(o) = 3*o**2 + 10900*o + 790176. Calculate t(-74).
4
Let w(l) = l**3 - 7*l**2 - 91*l - 24. Determine w(12).
-396
Let n(h) = -h**2 + 32*h - 205. Give n(24).
-13
Let q(d) = 16*d**2 - 1189*d + 2370. Determine q(2).
56
Let c(o) = 21*o**3 + 22*o**2 - 133*o - 27. Calculate c(-3).
3
Let p(l) = 2*l**3 - 234*l**2 - 18521*l - 86. Calculate p(-54).
2776
Let b(k) = -2*k**3 - 7670*k**2 + 30716*k + 8. Determine b(4).
24
Let j(z) = 2*z**3 + 604*z**2 - 592*z + 4237. Calculate j(-303).
-5
Let a(p) = 2*p**3 + 139*p**2 - 2070*p + 129. Calculate a(-82).
1769
Let n(t) = 101*t**3 - 10983*t**2 - 2832*t - 234. Calculate n(109).
-16
Let c(w) = -10*w**2 + 345*w + 11863. Give c(56).
-177
Let a(r) = r**2 + 424*r - 14113. What is a(-455)?
-8
Let h(b) = -b**2 - 847*b + 189694. Determine h(-1031).
-10
Let j(v) = -v**3 + 14*v**2 + 300*v + 820. Determine j(-8).
-172
Let r(k) = -74920*k + 824124. Calculate r(11).
4
Let r(x) = -6*x**2 + 252*x + 762037. Give r(378).
-11
Let d(s) = 4*s**3 + 219*s**2 - 65*s + 464. What is d(-55)?
1014
Let c(a) = 3*a**3 - 653*a**2 - 173*a - 10940. What is c(218)?
-1130
Let l(t) = -39*t - 1245. What is l(-22)?
-387
Let h(y) = -y**3 + 143*y**2 - 5015*y + 2882. Calculate h(83).
-23
Let z(r) = 8*r**2 + 5042*r + 11299. Determine z(-628).
-5
Let l(t) = 2323640*t + 44149178. What is l(-19)?
18
Let r(s) = -s**2 - 45642*s + 319496. Give r(7).
-47
Let l(r) = -83*r**2 - 10874*r + 10891. Determine l(-132).
67
Let j(i) = -2714*i - 38159. Give j(-14).
-163
Let n(r) = -95*r + 1731. Determine n(6).
1161
Let w(i) = i**3 - 4*i**2 - 53*i - 409. Determine w(-15).
-3889
Let c(s) = -258*s + 113. Give c(-2).
629
Let d(s) = -s**3 - 33*s**2 - 78*s - 382. Calculate d(-31).
114
Let t(l) = 339*l**2 - 302*l - 3. Determine t(-1).
638
Let u(s) = 69*s**2 - 101*s - 229. Give u(4).
471
Let s(g) = -194*g**2 - 922*g + 199. Calculate s(-5).
-41
Let i(r) = 59*r**2 + 2404*r - 652. Determine i(-41).
-37
Let p(b) = -924*b - 61154. Give p(-67).
754
Let v(s) = 3*s**3 + 14*s**2 + 408*s + 1596. Calculate v(-4).
-4
Let j(x) = 59*x**2 - 215*x - 887. What is j(-4)?
917
Let b(m) = m**2 + 2231*m - 149867. Give b(65).
-627
Let h(a) = 1209*a - 123390. What is h(102)?
-72
Let y(g) = 4*g**3 + 797*g**2 + 3913*g + 143. Determine y(-5).
3
Let b(o) = o**3 + 981*o**2 + 113475*o - 19551. Give b(-847).
-70
Let l(m) = m**3 + 15*m**2 - 335*m - 4869. What is l(-17)?
248
Let h(q) = -q**2 - 9503*q - 114264. Determine h(-12).
-372
Let b(w) = -22*w**2 + 6428*w - 114207. Give b(19).
-17
Let a(d) = -165*d - 955. Determine a(-8).
365
Let o(t) = 2*t**3 - 4*t**2 - 4991*t + 344. What is o(-49)?
1
Let o(j) = 127*j - 15947. Calculate o(128).
309
Let d(r) = 2*r**2 - 177*r - 2494. Calculate d(101).
31
Let x(a) = -a**3 - 3832*a**2 + 1391445*a - 323. Calculate x(334).
11
Let h(g) = -3*g**3 - 56*g**2 + 25*g + 800. What is h(-18)?
-298
Let b(i) = 3*i**2 + 89*i - 2355. What is b(17)?
25
Let p(b) = b**2 - 3819*b - 34462. Determine p(-9).
-10
Let z(b) = -11*b**3 - 23*b**2 + 80*b + 2. What is z(3)?
-262
Let w(a) = 18*a**3 - 28*a**2 - 148*a + 159. Determine w(1).
1
Let i(z) = 13*z + 436. Give i(-31).
33
Let c(y) = y**3 + 67*y**2 + 364*y + 34713. Give c(-69).
75
Let i(t) = 6*t**3 + 236*t**2 - 412*t - 67. Give i(-41).
15
Let f(t) = -3838*t**2 + 944149*t - 245. Give f(246).
1
Let c(t) = t**3 - 268*t**2 - 1268*t - 26421. Determine c(273).
60
Let a(q) = -121*q**3 + 24*q**2 - 46*q + 6. Calculate a(2).
-958
Let d(m) = -81*m + 888. Calculate d(-4).
1212
Let d(x) = 23*x**2 + 52*x + 273. What is d(-5)?
588
Let c(l) = -43*l**2 + 1186*l - 78. Determine c(28).
-582
Let u(d) = d**3 - 155*d**2 - 13739*d - 468. Calculate u(-63).
-153
Let b(a) = -100708*a - 24874887. Give b(-247).
-11
Let u(r) = -661*r - 28979. Give u(-36).
-5183
Let h(k) = 2*k**2 + 4944*k - 382134. Give h(75).
-84
Let r(g) = -477315*g - 5250469. Determine r(-11).
-4
Let x(c) = 5405*c - 32503. What is x(6)?
-73
Let o(r) = -4*r**3 - 339*r**2 + 59*r - 2313. Calculate o(-85).
-103
Let y(r) = 345956*r + 8302947. Give y(-24).
3
Let h(r) = -10*r**2 - 622*r + 3105. Give h(5).
-255
Let k(j) = -35*j**2 + 4316*j - 88573. Determine k(26).
-17
Let y(u) = -16231*u - 746533. Give y(-46).
93
Let z(y) = -2*y**2 + 571*y + 50239. Calculate z(356).
43
Let s(v) = -1557*v + 8230. What is s(5)?
445
Let u(p) = -13906*p + 55481. Determine u(4).
-143
Let x(u) = -7719*u + 54083. Calculate x(7).
50
Let a(x) = x**3 + 158*x**2 - 494*x - 2016. Determine a(-161).
-245
Let z(s) = 10574*s + 2009094. What is z(-190)?
34
Let p(s) = s**3 - 65*s**2 - 2278*s - 722. Give p(-25).
-22
Let t(q) = -2*q**2 - 172*q - 1243. Give t(-78).
5
Let h(c) = 15537*c - 264079. What is h(17)?
50
Let k(o) = 2*o**2 + 1049*o - 32685. Determine k(-554).
1
Let r(m) = -m**3 + 14*m**2 + 9*m - 1197. Calculate r(0).
-1197
Let s(n) = -2*n**2 + 177*n - 44. Calculate s(0).
-44
Let m(a) = -5708*a - 360701. Give m(-63).
-1097
Let w(i) = i**3 + 23*i**2 - 105*i + 74. Give w(-27).
-7
Let z(x) = 2497*x - 22472. Calculate z(9).
1
Let p(z) = 2*z**3 - 61*z**2 + 95*z - 3933. What is p(31)?
-27
Let i(b) = -b**2 + 617*b - 52486. Give i(108).
2486
Let y(f) = 13004*f - 468139. Give y(36).
5
Let q(l) = -l**2 - 248*l - 13755. Give q(-84).
21
Let l(k) = -k**3 - 9*k**2 + 405*k - 3. Calculate l(0).
-3
Let k(h) = -26*h**2 - 327*h - 2957. Give k(-10).
-2287
Let u(b) = 34*b**3 + 17*b**2 + 4. Give u(0).
4
Let l(h) = -3*h**2 + 157*h - 3667. Give l(41).
-2273
Let u(i) = 15920*i - 143261. Give u(9).
19
Let t(d) = -36*d**2 - 319*d - 391. Give t(-7).
78
Let r(f) = 4*f**2 - 85*f - 1251. Give r(-11).
168
Let a(s) = -197*s**2 - 3899*s + 19529. Calculate a(5).
-4891
Let i(j) = j**3 + 258*j**2 + 3642*j - 667. What is i(-243)?
62
Let b(z) = z**3 + 15*z**2 + 263*z + 3029. What is b(-13)?
-52
Let s(p) = p**3 + 111*p**2 + 1946*p - 29. What is s(-22)?
235
Let v(u) = -84770*u - 7544530. Determine v(-89).
0
Let d(g) = 155*g + 18455. What is d(-122)?
-455
Let h(a) = -49*a - 2806. What is h(-57)?
-13
Let p(d) = 2216*d**2 - 31037*d - 22. What is p(14)?
-204
Let b(d) = -238*d + 71238. What is b(298)?
314
Let y(z) = 4786*z**3 + 244083*z**2 - 152*z + 62. Calculate y(-51).
11
Let r(x) = 3*x**2 - 118*x - 2434. Determine r(55).
151
Let t(b) = -28*b**2 + 37*b + 4290. Determine t(13).
39
Let p(r) = -r**2 - 263196*r - 7105559. Determine p(-27).
4
Let g(k) = -k**3 - 54*k**2 - 354*k - 1162. Give g(-47).
13
Let i(k) = -k**3 - 69*k**2 + 1664*k + 158. Calculate i(19).
6
Let z(y) = -2*y**2 + 773*y - 60656. What is z(278)?
-330
Let h(j) = 11*j**2 - 161*j - 1004. Calculate h(-6).
358
Let y(a) = 2*a**3 - 5702*a**2 + 34157*a + 37. What is y(6)?
139
Let k(t) = -t**3 - 677*t**2 - 668*t + 6246. Give k(-676).
838
Let n(z) = 19681*z - 452720. Give n(23).
-57
Let a(q) = 5362*q + 107231. Give a(-20).
-9
Let a(w) = -2*w**3 - 641*w**2 + 355*w + 11852. Determine a(-321).
938
Let a(r) = -180*r + 74330. Give a(422).
-1630
Let q(h) = 676*h - 69693. What is q(103)?
-65
Let f(n) = -135540*n + 4472832. Determine f(33).
12
Let r(q) = 2*q**3 + 78*q**2 - 171*q - 6663. Calculate r(-39).
6
Let x(m)